t of g?
9
Let g(c) = c**2 + 20*c - 156. What is the hundreds digit of g(21)?
7
Let c be 10/15*-6 - -214. Suppose -796 = -2*a - c. What is the tens digit of a?
9
Let a(f) = -15*f**3 + 4*f**2 + 4*f - 2. What is the hundreds digit of a(-3)?
4
Let o(x) = 51*x**2 - 120*x + 11. What is the units digit of o(6)?
7
Let y = -18 + 25. Let p be ((-2)/(-3))/((-2)/(-6)). Suppose 0 = p*f - y*f + 110. What is the units digit of f?
2
Let z(x) = 5*x + 1 - 4*x + 6*x - 3*x**2. Let u be z(5). Let q = 66 + u. What is the tens digit of q?
2
Suppose 0 = -4*d - 4*t, d - 12 = -0*d + 5*t. Suppose x = d*k - 43 - 208, -2*k + 255 = 3*x. What is the tens digit of k?
2
Let h(n) = 3*n - 37. Let y(m) = 4*m - 38. Let g(w) = -3*h(w) + 2*y(w). What is the units digit of g(19)?
6
Let k(t) = -12 + 44 - 15 - 19 - 16*t - t**2. What is the tens digit of k(-12)?
4
What is the units digit of (1/1)/(1/274 - 0)?
4
Suppose -4*t + 3*f = 25, 6*f = -3*t + 2*f. Suppose -3*y = -2*y + 4*v + 23, -4*v = 16. What is the tens digit of t/7 - 375/y?
5
What is the units digit of -1 - 5/(-10) - (-435)/2?
7
Let f(g) = g**3 - 7*g**2 - 8*g + 12. Let n be f(8). Let s be (104/n - 3)*3. Suppose 0*y = y - s. What is the tens digit of y?
1
Suppose 10*t - 2*t = 0. Suppose o + 167 = 3*o + 3*s, -s - 1 = t. What is the tens digit of o?
8
Let j = 12 + 8. Let d = 158 + -101. Let x = d - j. What is the units digit of x?
7
Let p(v) = -4*v + 2. What is the units digit of p(-7)?
0
Let q(b) = 16*b - 27. What is the hundreds digit of q(34)?
5
Suppose -12*n + 10764 = 6*n. What is the hundreds digit of n?
5
Let v(l) = l**2 + 8*l + 14. Let d be v(-6). Suppose -2*b - d*g = -256, 0 = 5*b - 0*b - g - 634. What is the hundreds digit of b?
1
Let p(f) = 13*f**2 - 5*f - 28. What is the hundreds digit of p(-6)?
4
Let b(h) = 87*h - 1. Let z(x) = -x + 1. Let q(a) = -b(a) + 2*z(a). What is the tens digit of q(-1)?
9
Suppose -8*d + 1174 - 382 = 0. Suppose 0 = -5*t + 4*i + 102, 5*t + i - 4*i - d = 0. What is the tens digit of t?
1
Let m(n) = n**2 + 16*n - 16. Let t be m(-17). What is the tens digit of 2/(-1)*t*-10?
2
Let c be (2 - 3)/(-1)*1. What is the tens digit of (-420)/(-7) - -2*c?
6
Suppose 3*r = -5*u + 269, u + 2*u = r + 153. Let g = 8 + -4. Suppose 0 = g*m - u. What is the tens digit of m?
1
Let j = -177 + 206. What is the tens digit of j?
2
Let f(c) be the third derivative of -c**4/8 - 2*c**3/3 - 5*c**2. Let l be f(2). What is the units digit of (-6)/l - 8/(-20)?
1
Let o = -5 - -258. What is the tens digit of o?
5
Let l(b) be the first derivative of -3*b**2/2 - 3*b - 5. What is the units digit of l(-3)?
6
Let a = -726 + 1046. What is the hundreds digit of a?
3
Suppose 23152 = -17*l + 80000. What is the hundreds digit of l?
3
Suppose -3523 - 9137 = -12*n. What is the units digit of n?
5
Let x be -1 + -2 + 6 + 0. What is the units digit of x*3/(-18)*-52?
6
Suppose u - j = 7 + 59, 0 = 4*u - 5*j - 266. What is the tens digit of u?
6
Let u be (-1)/(-6) + (-1)/6. Suppose -8*a - 48 + 368 = u. What is the tens digit of a?
4
Let s = 45 + -42. Let x(j) = -j + 12. Let k be x(9). What is the units digit of 1 + (k - s) - -21?
2
Let u(a) = 2*a**3 - 2*a**2 - 3*a + 5. Let b be (-3)/(7/((-616)/12)). Suppose 3*f + 24 = 4*c, -2*f = -4*c - 2 + b. What is the tens digit of u(c)?
3
Suppose -t = -4*t + 4*j, 4*t = -5*j. Let n(w) = w**2 + 2. Let o be n(t). What is the units digit of (-712)/(-40) + o/10?
8
Let a(i) = -8*i + 14. Let j be a(2). Suppose 0*r + 3*r + 60 = 0. What is the units digit of -2 - (r/j)/(-2)?
3
Let y = 288 - 163. Suppose -2*k - 3*p + 4 = -y, -4*p = 3*k - 192. What is the units digit of k?
0
Suppose 4*v + 9 - 28 = 3*x, -5*x - 5*v - 55 = 0. Let f(w) = -w**3 - 7*w**2 + 4*w - 15. What is the hundreds digit of f(x)?
1
Let d = 9005 + -6197. What is the tens digit of d?
0
Let r = 2718 - 1462. What is the units digit of r?
6
Suppose 0 = -2*a + 3*c - 241, -2*c + 369 = 3*a - 6*a. Let k = -10 - a. What is the units digit of k?
5
Let w = -7 - -4. Let v(b) be the second derivative of b**4/6 - 2*b**3/3 - 3*b**2/2 + 9*b. What is the tens digit of v(w)?
2
Let r = 3192 + -1674. What is the units digit of r?
8
Let s(v) = 3*v + 53. Let o be s(0). Suppose 103 + o = 4*f. What is the tens digit of f?
3
Let i(o) = o**2 - 22*o - 125. What is the hundreds digit of i(-8)?
1
Let x(j) = 10*j**2 - 3*j - 3. Let p be x(-2). Let n = -31 + p. What is the tens digit of -6*3/(n/(-8))?
1
Suppose -5*n + 366 = 81. Suppose i + i + f = n, -102 = -3*i + 4*f. What is the units digit of i?
0
Let p = -12 - 23. Let x = -4 - p. What is the units digit of x?
1
Let l(w) = -w**3 + 10*w**2 - 11*w + 3. Let k be l(9). Let y(o) = 2*o - 22 + 2*o - 2*o - 6*o. What is the tens digit of y(k)?
3
Let u = 1799 - -211. What is the tens digit of u?
1
Suppose 23 = z + 5*t, 2*z - t - 3*t = -24. What is the units digit of (((-80)/25)/8)/(z/1480)?
6
What is the hundreds digit of 5 + 3 + -9 - (-925 + 1)?
9
Let g(x) = -2*x**3 - 32*x**2 + 35*x + 47. Let y(z) = -z**3 - 16*z**2 + 17*z + 24. Let j(b) = -6*g(b) + 11*y(b). What is the units digit of j(-17)?
4
Let h be ((-104)/(-24))/((-1)/15). Suppose 8*p = -2*p + 1080. Let d = h + p. What is the tens digit of d?
4
Let m be 11/2 - ((-18)/(-4))/9. Suppose 405 = m*v - 0*v. What is the tens digit of v?
8
Suppose 4*k + 95 + 105 = 0. Let a = k - -138. What is the tens digit of a?
8
Let n(f) = 14*f - 3. Let q(r) = 57*r - 11. Let j(y) = 18*n(y) - 4*q(y). What is the tens digit of j(4)?
8
Let n(k) = -2*k - 11. Let g be (2 - -7)/(0 - -1). Suppose 0 = 14*q - g*q + 55. What is the tens digit of n(q)?
1
Let r be 2/(-3 - 124/(-40)). Suppose r = 5*f, 0*f + 231 = -3*k + 3*f. Let l = -47 - k. What is the units digit of l?
6
Let d(v) = -68*v + 193. What is the hundreds digit of d(-6)?
6
Suppose -2*i + 202 = 4*o, -5*i - 47 + 520 = 2*o. Suppose -3*z = i - 456. What is the units digit of z?
1
Suppose -83*c = -102*c + 23959. What is the hundreds digit of c?
2
Suppose -41*h + 40*h = -358. Suppose 3*b + 2*r = 537, 2*b + 14*r = 15*r + h. What is the units digit of b?
9
Let s(v) = -v**3 - 8*v**2 + 63*v + 19. What is the hundreds digit of s(-14)?
3
Suppose 12*n - 9183 = 1269. What is the hundreds digit of n?
8
Let u(f) = 2*f + 10. Let h be u(9). Let t = 32 - h. What is the units digit of t?
4
Let w(z) = z**2 + 0*z**2 - 14 + 21*z + 12. What is the tens digit of w(-26)?
2
Let i be ((-10)/(-4))/5*12. Suppose 0 = -i*a + 7*a. Suppose 18 = -a*f + f. What is the tens digit of f?
1
Let l(z) = z**3 - 79. Let f be (-2)/2*1 - -1. Let k be l(f). Let i = -42 - k. What is the units digit of i?
7
What is the hundreds digit of 8/3*9198/56?
4
Suppose -7 = -4*r + 1. Suppose -j - 3*i + 11 - 1 = 0, -60 = -4*j - r*i. What is the tens digit of j?
1
Let q(p) = 0 - 3*p + 4*p + 1 + 4. Let i be q(5). Suppose 13 = l - i. What is the tens digit of l?
2
Let u be 54/15*30/(-9) + 3. Let f(m) = 3*m**2 + 15*m + 15. What is the units digit of f(u)?
3
Suppose 10750 = 6*g + 4*g. What is the tens digit of g?
7
Let g be (5/5 - 3) + 367. Suppose -3*t = 122 - g. What is the units digit of t?
1
Suppose 12*v + 142 = -206. Let c = 134 - v. What is the units digit of c?
3
What is the tens digit of (378/(-8) - -2)*(46 - 54)?
6
Suppose 4*c - 2*c = 510. What is the units digit of c?
5
Let w(a) = -2*a**3 + 2*a + 29 - 21 + a**3. What is the units digit of w(-6)?
2
Suppose 0*r = -3*r + 18. Suppose -31 = -r*h + 5*h. Suppose -7*l = -6*l - h. What is the tens digit of l?
3
Suppose 4*d = 2*l, -3*d = -2*l + 3*l - 10. Let f(q) = 15*q**2 + 6*q - 9. What is the units digit of f(l)?
5
Let r = 12 - 39. Let n be (1/2)/((-2)/12). What is the units digit of (r/(-12))/(n/(-8))?
6
Suppose -1 = 2*k + 4*a + 3, 18 = k - 3*a. Suppose -8 = -2*u - k. What is the units digit of u?
1
Suppose 2*p + 2*j - 121 = -j, -5*p = 3*j - 298. What is the tens digit of p - ((-1)/4 + 12/(-16))?
6
What is the thousands digit of 14928/(-240)*(-1 + -39)?
2
Let v = -10 + 10. Suppose -g + 7 + 7 = v. Suppose 2*h - 3*h + g = k, 3*k - 2*h - 27 = 0. What is the tens digit of k?
1
Let s = -5 - -12. Suppose 0 = -5*q + 2*l - s*l - 50, 4*q + 24 = 4*l. Let t = 28 + q. What is the units digit of t?
0
Let o = -14 + 16. Suppose 6 = -c + 4*c - 4*m, 4*c - 8 = o*m. Suppose -70 = -2*d + c. What is the units digit of d?
6
What is the units digit of (-9)/(-18)*(-3070)/(-5)?
7
Let o = 1